ulate the highest common factor of 8505717 and 737.
737
Calculate the greatest common factor of 126432 and 96.
96
What is the highest common factor of 1449 and 36869?
161
What is the greatest common divisor of 2277 and 13869?
207
Calculate the greatest common divisor of 1070910 and 270.
90
Calculate the highest common divisor of 58 and 319.
29
What is the highest common divisor of 443 and 649438?
443
What is the highest common divisor of 2 and 223746?
2
What is the greatest common divisor of 822800 and 200?
200
What is the highest common divisor of 847700 and 14?
14
What is the greatest common factor of 83952 and 8?
8
Calculate the greatest common factor of 904 and 744.
8
Calculate the highest common divisor of 400 and 9160.
40
Calculate the greatest common divisor of 4559 and 107207.
47
What is the highest common factor of 41 and 261088?
41
What is the highest common factor of 36894 and 195?
39
What is the greatest common divisor of 392811 and 381?
381
Calculate the greatest common factor of 73997 and 253.
11
Calculate the greatest common divisor of 15 and 2949.
3
What is the highest common factor of 3214 and 4716545?
1607
What is the greatest common divisor of 77 and 1391621?
77
Calculate the highest common factor of 94021 and 7882.
563
What is the highest common divisor of 105 and 93045?
15
What is the greatest common divisor of 39399 and 483?
69
Calculate the highest common factor of 2989 and 3031.
7
What is the greatest common divisor of 629 and 1173?
17
What is the highest common factor of 3879 and 9?
9
Calculate the greatest common divisor of 542129 and 7.
7
What is the greatest common divisor of 6880 and 140?
20
What is the highest common factor of 6806409 and 555?
111
Calculate the greatest common divisor of 2844 and 373986.
1422
Calculate the greatest common divisor of 545 and 25095.
5
Calculate the highest common factor of 7519134 and 714.
714
What is the highest common factor of 71508 and 82416?
1212
What is the greatest common divisor of 9593 and 2896?
181
What is the greatest common divisor of 88 and 58216?
8
What is the highest common divisor of 690 and 7845?
15
What is the highest common divisor of 14219 and 118?
59
Calculate the highest common factor of 7241 and 8918.
13
Calculate the highest common factor of 18858 and 10327.
449
What is the highest common divisor of 5321 and 476?
17
Calculate the highest common divisor of 30551 and 1784.
223
What is the greatest common factor of 2494 and 5289?
43
What is the highest common factor of 28 and 203637?
7
What is the highest common divisor of 25350 and 600?
150
What is the highest common divisor of 5075 and 1085?
35
Calculate the greatest common factor of 99 and 88682.
11
What is the highest common factor of 2272914 and 1512?
378
What is the highest common factor of 1028 and 7597948?
1028
Calculate the highest common divisor of 24705 and 2045025.
2745
What is the highest common factor of 54 and 1688175?
27
What is the greatest common divisor of 6 and 2078?
2
What is the greatest common factor of 11947 and 1838?
919
Calculate the highest common divisor of 4914 and 3094.
182
What is the highest common divisor of 20740 and 260?
20
What is the greatest common factor of 745 and 226927?
149
What is the highest common divisor of 12 and 577500?
12
Calculate the greatest common divisor of 9386184 and 206.
206
What is the highest common factor of 2158 and 2080?
26
Calculate the highest common factor of 1034885 and 138.
23
What is the highest common divisor of 363 and 27060?
33
Calculate the highest common divisor of 244 and 1237934.
122
Calculate the highest common factor of 108 and 93177.
27
What is the highest common divisor of 71507 and 92?
23
What is the highest common divisor of 662 and 1155521?
331
Calculate the greatest common factor of 8399 and 3404.
37
What is the highest common divisor of 25696 and 3015776?
2336
Calculate the greatest common divisor of 276582 and 682.
62
What is the greatest common factor of 348 and 12828?
12
Calculate the greatest common factor of 188 and 392356.
188
What is the highest common divisor of 1640 and 26445?
205
Calculate the greatest common factor of 3822 and 69251.
91
Calculate the highest common factor of 496 and 8144.
16
Calculate the highest common factor of 4669 and 94395.
203
Calculate the highest common divisor of 287 and 3034.
41
What is the greatest common divisor of 4062 and 31142?
1354
What is the greatest common factor of 246 and 20336?
82
Calculate the greatest common divisor of 435 and 10265.
5
What is the greatest common factor of 7106 and 7123?
17
Calculate the highest common divisor of 46 and 111872.
46
Calculate the highest common divisor of 4320 and 18.
18
Calculate the greatest common factor of 364 and 353860.
52
What is the greatest common factor of 4081 and 2279?
53
Calculate the greatest common divisor of 105 and 12540.
15
What is the greatest common factor of 10200 and 13575?
75
Calculate the highest common divisor of 2 and 285938.
2
Calculate the greatest common factor of 658644 and 168.
84
Calculate the highest common divisor of 46 and 2463047.
23
Calculate the highest common factor of 2090 and 198930.
190
What is the greatest common factor of 20815 and 230?
115
What is the greatest common divisor of 64768 and 440?
88
Calculate the highest common divisor of 162 and 613494.
162
What is the highest common factor of 1019 and 267997?
1019
What is the greatest common factor of 20648 and 126647?
89
Calculate the greatest common factor of 74 and 31154.
74
Calculate the highest common factor of 33 and 1156254.
33
Calculate the greatest common divisor of 20366 and 107221.
599
Calculate the greatest common factor of 1155987 and 4543.
413
What is the highest common divisor of 149448 and 3432?
312
What is the highest common divisor of 2607 and 52272?
33
Calculate the highest common divisor of 266 and 3040779.
133
What is the highest common divisor of 24 and 7431?
3
Calculate the greatest common divisor of 66 and 71104.
22
What is the greatest common divisor of 2664 and 113368?
296
What is the greatest common divisor of 361 and 11738637?
361
Calculate the greatest common divisor of 752 and 2825828.
188
What is the highest common factor of 2580 and 19866?
258
Calculate the greatest common divisor of 6061 and 418.
209
Calculate the greatest common divisor of 14 and 6812918.
14
What is the greatest common divisor of 303177 and 42?
21
What is the greatest common factor of 8532 and 285980?
316
Calculate the highest common divisor of 192 and 1016.
8
What is the greatest common divisor of 1572 and 256?
4
Calculate the highest common divisor of 4 and 1490452.
4
Calculate the greatest common divisor of 7356 and 8292.
12
What is the greatest common factor of 3916 and 3663?
11
Calculate the highest common factor of 159328 and 96.
32
What is the highest common factor of 235 and 188611?
47
What is the highest common factor of 100233 and 1548?
387
Calculate the highest common factor of 702 and 11538.
18
What is the greatest common divisor of 65939 and 283?
283
Calculate the greatest common factor of 120 and 5505.
15
What is the highest common divisor of 93 and 1292855?
31
Calculate the highest common divisor of 68 and 10067.
1
What is the highest common divisor of 4598 and 6403?
19
Calculate the highest common factor of 31100 and 500.
100
What is the highest common factor of 3375 and 18625?
125
Calculate the highest common divisor of 82670 and 280.
70
Calculate the greatest common divisor of 1375 and 2675.
25
What is the greatest common factor of 238 and 1988?
14
Calculate the greatest common factor of 122900 and 50.
50
What is the greatest common divisor of 234 and 22854?
78
Calculate the greatest common factor of 28 and 1956.
4
What is the greatest common factor of 26 and 1854086?
26
What is the greatest common factor of 319338 and 5181?
471
What is the greatest common divisor of 3409 and 47239?
487
What is the highest common factor of 574 and 107748?
82
What is the highest common divisor of 41832 and 5112?
72
Calculate the greatest common factor of 17 and 448681.
17
Calculate the highest common divisor of 2285898 and 6.
6
Calculate the greatest common divisor of 1625 and 1615125.
125
Calculate the greatest common factor of 36423 and 27189.
513
